b(k) + 2*j(k). Determine y(9).
-26
Let z(l) = 12*l**2 - 15*l + 15. Let n(p) = 17*p**2 - 22*p + 21. Let s(w) = 5*n(w) - 7*z(w). What is s(7)?
14
Let v(m) = m + 56. Let o(z) = -4*z + 110. Let x(d) = -o(d) + 2*v(d). Let a be (-1)/1*(3 + -1). Give x(a).
-10
Suppose 50470 = 32*g + 9510. Let x be 6/(-27) - (g/72 + -7). Let y(m) = -m - 12. Calculate y(x).
-1
Let f(n) = -3*n**3 + 22*n**2 + 6*n + 9. Let p(u) = -7*u**3 + 48*u**2 + 13*u + 17. Let s(i) = 9*f(i) - 4*p(i). Give s(-5).
28
Let y(m) = m**3 - 9*m**2 - 13*m + 7. Let x = 112 + -42. Let a be (9 + (-590)/70)*x/4. What is y(a)?
-23
Let r = 13 - 11. Let j(t) = t**3 - 26*t**2 + 4*t**3 + 5 + 2*t**r - t + 40. Let p(g) = g**3 - 6*g**2 + 11. Let i(c) = -2*j(c) + 9*p(c). Determine i(-6).
-3
Let q be (-1)/(4/(-3) + 1). Let u(s) be the third derivative of -s**4/6 + s**3/2 + 90477*s**2. Give u(q).
-9
Let b(j) = 3*j**2. Let k = -450 - -375. Let u = 103 - 177. Let x = k - u. Determine b(x).
3
Let v(a) = 10*a**3 - 31*a**2 + 33*a - 30. Let p(d) = -3*d**3 + 6*d**2 + 3. Let i(u) = 3*p(u) + v(u). Calculate i(10).
9
Let z be (-125)/((3 - 5) + 1). Let r be 2/(-8) - z/(-20). Suppose 2*q + 2 = r. Let x(y) = -2*y**2 - y - 2. Give x(q).
-12
Let s(w) = -2*w - 29. Let m be (2 - 2)/(3 + -1). Suppose 16 = -v - 5*x, -3*x + m*x = 0. Let c be s(v). Let n(f) = f**3 - 2*f**2 + f - 4. Give n(c).
8
Let d(n) = -n + 73 - 119 - 9*n. What is d(-4)?
-6
Let v(m) be the third derivative of -m**5/60 - 5*m**4/24 + 10*m**3/3 + 18*m**2. Let l(k) be the first derivative of v(k). Give l(0).
-5
Let a(f) = -189*f + 181*f + f**2 - 6*f**2 - 6 + 5. Calculate a(-2).
-5
Suppose -4*o = 5*g - 6 - 5, -3*g - 5*o = -4. Let n(m) be the first derivative of -3*m**2/2 - 4*m + 3637. Calculate n(g).
-13
Let a(w) = -4*w**3 + 9*w**2 - 2*w + 1. Let s(o) = -o**3 + o**2 + o. Let i(k) = a(k) - 3*s(k). Let b(p) = -p**3 + 13*p**2 - p - 127. Let y be b(12). Give i(y).
1
Suppose 13 = 2*b - 5. Let h(g) = 312855*g**2 - 104286*g**2 - 104285*g**2 - 104285*g**2 - 3 + 10*g. Give h(b).
6
Suppose 2*s + 2*s - 36 = 0. Let x(m) = -8*m**3 - 1 + 9*m - 14*m + 4*m - m**2 - s*m**3. Calculate x(-1).
16
Let p(h) = 19*h - 22. Let t be p(2). Let u(b) = -t + 12 - 433*b + 435*b. Determine u(3).
2
Let f(y) = y**2 - 14*y + 14. Let u be ((-3)/(-9)*3)/((-7)/(-91)). Let a be f(u). Let k(h) = 7*h**3 - h + h**2 + h**2 + 0*h**2 + 6*h**3. Calculate k(a).
14
Suppose -18*w = -6*w - 36. Suppose 0*y - 90 = -5*z + 3*y, w*y + 72 = 4*z. Let o(k) = k**3 - 19*k**2 + 17*k + 12. Calculate o(z).
-6
Suppose -3*v + 36 = 4*b - b, -3*v + 9 = 0. Suppose -n + 3 = -0*n. Suppose n = -3*l + b. Let g(d) = -2*d**3 + 3*d**2 + d - 2. What is g(l)?
-4
Let o be 4/(-2)*(-3 + (-4)/(-8)). Suppose -28 = 4*i + 2*f, -21 = i + o*f + 4. Let w(a) = -a**2 - 4*a + 6. What is w(i)?
1
Let r = -10329 + 10335. Let a be ((-2 + 1)/(-1))/1. Let x(s) = -a - 1 - 2 + s. What is x(r)?
2
Let y = -8790 - -8790. Let a(q) be the third derivative of -1/120*q**6 + 1/3*q**4 + 1/10*q**5 + 0*q - 28*q**2 + y - 4/3*q**3. What is a(7)?
-1
Let y(w) = -3*w - 37. Let f = 10153 - 10166. Calculate y(f).
2
Let u be (-8 - (-7 - 7))*2. Let q(g) = -2*g + 4. Give q(u).
-20
Let l(q) = 3*q + 22. Suppose -11*y = -16*y + 1190. Let p = y - 245. What is l(p)?
1
Let v(w) = -2*w - 15. Let u(f) = 51*f + 1927. Let r be u(-38). Determine v(r).
7
Let t be 20/6 - 182/42. Let r(w) = 4*w**2 - 4*w - 4. Give r(t).
4
Let x(q) = -q**3 + 5*q**2 - 2*q + 6. Let z be (-6)/4 + (-14042)/(-68). Let d = 209 - z. Calculate x(d).
14
Let w = 0 - 15. Let z be (15/(-9))/(w/18). Let g(d) be the second derivative of -d**3/2 + 3*d**2/2 + d + 17. Calculate g(z).
-3
Let n(f) be the third derivative of 3*f**2 + 5/6*f**3 - 1/4*f**5 + 0 + 0*f - 1/4*f**4. Let o(i) = i**2 + i - 1. Let p(v) = -n(v) - 6*o(v). Calculate p(1).
10
Let q = -4 + 10. Let g(h) = h**2 + 0*h + 1 - 5*h + 18*h - q*h. What is g(-6)?
-5
Let c(s) be the second derivative of 1/2*s**2 + 1/12*s**4 + 2*s + 5/6*s**3 + 3. Calculate c(-4).
-3
Let b = -363 + 358. Let n(j) be the second derivative of -j**3/3 + 3*j**2 - 16*j. Determine n(b).
16
Let o = -11 - -15. Suppose -2 = -o*g + 5*k + 25, -g - k = 0. Suppose -i + 5*q = -22, -22 = i + g*q - 4. Let v(a) = -a**3 - 4*a**2 + 4. Determine v(i).
-5
Let q(l) = -l**2 - 10*l - 22. Let b = 2834 - 2836. Calculate q(b).
-6
Let b(p) = p**2 - 15*p - 372. Let l be b(-13). Let o(v) = v. Let n(f) = f**3 + 7*f**2 - 10*f - 7. Let h(q) = -n(q) - 4*o(q). What is h(l)?
23
Let z = 464 - 459. Let b(g) = -g**3 - 308*g + 3 + 311*g + z*g**2 - 2*g**2. Calculate b(4).
-1
Let m be -4 + 45/(-9) + 2 + 10. Let b(x) = 7*x**2 - 29*x + 22. Calculate b(m).
-2
Suppose 7*a = 9*a - x - 144, 4*a - 3*x = 288. Let o be (-2)/(a/(-260)) - 6/27. Let g(d) = -5*d + 15. Give g(o).
-20
Let r(d) = d**2 + 15*d + 52. Let o(t) = 10*t - 1000. Let h be o(99). What is r(h)?
2
Let y(t) be the first derivative of t**4/4 + 5*t**3/3 + 3*t**2/2 + 155. Calculate y(-2).
6
Let u(c) = c**3 - 7*c**2 + 5*c - 5. Let h(z) = -12 - 6*z**3 + 7*z**2 + 15*z**3 + 3*z - 8*z**3. Let m be h(-6). Determine u(m).
-11
Let o(v) = 2*v - 13. Let c(u) = 20*u - 140. Let p(t) = -2*c(t) + 21*o(t). Determine p(-3).
1
Let v(d) = -26 + 4*d - 26 - 68 + d**3 - 26*d**2 - 18*d**2 + 15*d**2. Calculate v(29).
-4
Let s(f) = -120*f + 287*f + 1 - 11*f**2 + 12*f**2 - 119*f - 7*f**2. Determine s(8).
1
Let z(s) = 6*s + 6. Let v(r) = -7*r - 8. Let d(g) = -2*v(g) - 3*z(g). Let q(f) = 11*f + 5. Let k(y) = -3*d(y) - q(y). Determine k(9).
10
Let n(m) = -2*m**3 - 4*m**2 - 3*m - 2. Let z = -541 + 126. Let r be (-166)/z - 12/5. What is n(r)?
4
Let l(r) = r - 1. Let c(i) = 6*i - 4. Let x(v) = 2*c(v) - 10*l(v). Let p(j) be the second derivative of j**2/2 - 7*j. Let f(d) = -3*p(d) - x(d). Give f(6).
-17
Suppose 15*v = 14*v. Let x(s) = -s**3 + 2*s**2 - 2*s - 13. Let w(c) = -3*c**3 + 7*c**2 - 7*c - 41. Let m(a) = 2*w(a) - 7*x(a). What is m(v)?
9
Suppose -33*m + 72 + 126 = 0. Let h(q) be the second derivative of -q**5/20 + 7*q**4/12 - q**3 + q**2 - 3*q. Give h(m).
2
Let r(p) = p**2 - 6*p + 4. Let q(h) = 3*h**2 - 26*h + 6. Let w be q(9). Let g be (-4)/10 - (-66)/w. What is r(g)?
-4
Let x(p) be the first derivative of 1/4*p**4 - 14 + 2*p - 1/2*p**2 - 1/3*p**3. Suppose -2*t = t + 6*t. Determine x(t).
2
Let t(b) = b**2 - 7*b + 1. Suppose 5*r - 19 = 6. Let w be ((-2)/r)/(18/2970). Let n = -59 - w. What is t(n)?
1
Let x(c) = c**3 + 19*c**2 - 20*c + 2. Let k be x(-20). Let r(f) = k*f - f + 71 - 59. Calculate r(0).
12
Let r be ((-232)/48 - -5)*1. Let f(c) be the second derivative of 6*c + 1/6*c**4 + 0 + 7/20*c**5 + r*c**3 + 0*c**2. Give f(-1).
-6
Let s(f) = f - 16. Let k(v) = -5. Suppose 3*d + 0 = -3*x - 9, 2 = -3*x + 4*d. Let c(t) = x*s(t) + 7*k(t). Let a(g) = -5*g - 62. Let i be a(-13). Determine c(i).
-9
Let h(u) = 61*u**2 - 65 + 63*u**2 + 56*u**2 + 49*u**2 - 24*u - 231*u**2. Determine h(-7).
5
Let f(l) = -2*l**2 - 19*l - 11. Let y be f(-8). Suppose 2*d = -s + y, -5*s - 4*d + 31 = -2*s. Let k(b) = -3*b + 8. Give k(s).
-7
Suppose r = 2*r - a - 32, -2*r - 2*a + 68 = 0. Let m(g) = 31 + 2*g - 66 + r. Calculate m(-2).
-6
Let v(f) = 0 + 2 + 10*f + 2 - 3. Suppose 0 = d + 2*y - 5, 7*y = -3*d + 9*y - 9. What is v(d)?
-9
Suppose -171*l + 169*l + 14 = 0. Suppose -l*z = 37*z - 220. Let b(p) = p - 2. What is b(z)?
3
Let d(x) be the third derivative of 4/3*x**3 + 0 + 0*x - 1/24*x**4 - 23*x**2. Determine d(4).
4
Let f(a) = 3*a**2 + 89*a - 19. Let w = 27062 - 27092. What is f(w)?
11
Let n(k) = -k**2 + 3*k. Let y be 666/185 - (-3)/(-5). Suppose 5*f = -t - 13, t + 7 = -y*t - 5*f. Calculate n(t).
2
Let x(q) = -9*q**3 + 3*q**2 + q - 10. Let r(j) = -25*j**3 + 7*j**2 + 4*j - 28. Let m(u) = -4*r(u) + 11*x(u). Give m(-7).
-61
Let r(a) be the third derivative of a**6/120 - a**3/3 + a**2 - 616. Determine r(2).
6
Suppose -3*t - 4*i + 12 = -t, -5*i = 10. Let k(x) = -12 - 8*x + t*x - 3. Let a = 35 + -25. Calculate k(a).
5
Let g(y) = -y**2 - 3*y + 7. Suppose 2*r = -3 - 5. Let c be g(r). Let t(m) = -26*m + c + 52*m - m**2 - 32*m. What is t(-7)?
-4
Let g = -9 - -11. Suppose -4*b - 25 = -x, -4*x + 145 = -g*b + b. Let a(f) = x*f - 4 + 5*f**3 - 41*f - 3*f**2 - 4*f**3. Determine a(4).
-4
Let j(p) = -2*p**2 - 3*p - 5. Let d(t) = -t**2 - t - 3. Let u be (1 - (-290)/35) + 2/(-7). Let a(s) = u*d(s) - 4*j(s). Calculate a(6).
-25
Let g(k) = k**3 - 5*k**2 + 2*k